. Let s be q(-11). Suppose s*m - m + 25 = 0. What is the remainder when m is divided by 10?
5
Let z be 4 - (-2 + 2 + 3). Let x(m) = 12*m**2. Let w = 37 + -15. Calculate the remainder when w is divided by x(z).
10
Calculate the remainder when 63 is divided by (27/18)/((-2)/(-44)).
30
Suppose -29 = -5*s - 14. What is the remainder when 11 is divided by s?
2
Let c(z) = z**3 + 5*z**2 + 5*z + 4. What is the remainder when 19 is divided by c(-3)?
5
Let k(h) = 24*h**3 + h**2 + h - 1. Let i be k(1). Let x = i + -21. Calculate the remainder when x is divided by 3.
1
Suppose -9 = t - 36. Calculate the remainder when t is divided by 14.
13
Suppose 9*r = 7*r + 170. Let k = -16 + r. Calculate the remainder when k is divided by 18.
15
Suppose 0*x = 5*x - 420. Let b = x - 50. Suppose 4*s + b = 110. What is the remainder when s is divided by 10?
9
Let h = -26 - -50. Let u = -11 + h. What is the remainder when 49 is divided by u?
10
What is the remainder when (-1)/(333/(-83) - -4) is divided by 17?
15
Let w = -5 - 2. Let r = w - -25. What is the remainder when 52 is divided by r?
16
Let y = -13 + 22. Suppose y - 27 = -2*k. What is the remainder when k is divided by 5?
4
Let y = 24 + -12. Suppose j = 5*l - 328, 2*l = -3*l + 3*j + 324. Suppose -2*h = 20 - l. What is the remainder when h is divided by y?
11
Suppose 2*x + 3*h - 126 = -13, -4*x = -3*h - 271. Calculate the remainder when x is divided by 22.
20
Suppose -i = 4*x + 2*i - 64, 4*x = -5*i + 72. Suppose -m = -3*c - c - x, m - 5 = 0. What is the remainder when 20 is divided by (2 - (-5)/c)*-22?
9
Let t(a) = -5*a - 2. Suppose 0 = 2*b + 2 - 6. Suppose -3 + 1 = b*k + 2*p, 0 = 2*p - 2. Calculate the remainder when 23 is divided by t(k).
7
Suppose 11*r - 135 - 8 = 0. What is the remainder when 21 is divided by r?
8
Suppose -253 = -8*i - 45. Calculate the remainder when 102 is divided by i.
24
Let c be 12/(-6*1/(-136)). Suppose 5*s - 108 = c. Suppose 4*h - s = 2*h. What is the remainder when h is divided by 13?
12
What is the remainder when (6 - 5)*(33 + -2) is divided by 17?
14
Suppose 3*d = 16 + 8. Suppose 0 = -5*x + 2*x + 93. Calculate the remainder when x is divided by d.
7
Let f(w) = -2*w**3 - 6*w**2 - 7*w - 2. What is the remainder when f(-3) is divided by 17?
2
Let z(o) = 2*o + 9. Let y be z(-7). Calculate the remainder when -5*(62/y + 1) is divided by 15.
12
Suppose 6*p = 9*p - 177. Calculate the remainder when p is divided by 10.
9
Suppose -3*o - 2*o - 3*q - 81 = 0, -5*q = -4*o - 87. Let f = -9 - o. Suppose 0 = -5*l + 35 + 90. What is the remainder when l is divided by f?
7
Suppose -3*p = 2*p - 50. Calculate the remainder when (-611)/(-21) - (-78)/(-819) is divided by p.
9
Suppose -4*y + 4 = -0. Suppose -y = d + 2*h - 12, -4*d + 3*h + 66 = 0. What is the remainder when 58 is divided by d?
13
Suppose -12 = -4*u - 4*z, -u = -2*u - 4*z - 12. Suppose -36 - 14 = -5*s. Calculate the remainder when (-511)/(-28) - 2/u is divided by s.
8
Let u = -4 + 6. Let d = 12 - 12. Suppose -t + u = -2*k + 3*k, -5*t - k + 10 = d. What is the remainder when t is divided by 2?
0
Let p = -28 - -28. Suppose 63 = 5*h - 2*k - p*k, -5*h + 39 = 4*k. What is the remainder when 28 is divided by h?
6
Let w = 6 - 0. Let d(s) = -s**3 + 7*s**2 - 4*s - 4. What is the remainder when 31 is divided by d(w)?
7
Let b = 38 + 13. Calculate the remainder when b is divided by 18.
15
Suppose 0 = -4*c - 5 - 11. Calculate the remainder when 51 is divided by 26/c*18/(-9).
12
Let q = -16 + 29. Let p(x) = x**3 + 4*x**2 - 4*x - 1. What is the remainder when p(3) is divided by q?
11
Let p = -8 + 14. Suppose 3*f - p = 9. What is the remainder when f is divided by 6/10*(7 - 2)?
2
Let o(y) = -4*y + 12. Let j(x) = -4*x + 11. Let h(t) = 3*j(t) - 2*o(t). What is the remainder when 57 is divided by h(-5)?
28
Suppose b - 2 = -4*l, 4*b - 10 = -5*l - 2. Suppose k = -0*k - b*g + 13, 0 = 2*g - 10. What is the remainder when k is divided by 3?
0
Suppose -2*y - 3*v - 5 - 16 = 0, -11 = y + 2*v. Let z = 10 - y. What is the remainder when z is divided by 4?
3
Let q(a) = a**2 + 5*a - 4. Let g be q(-6). Calculate the remainder when ((-16)/(-12))/g*30 is divided by ((-1)/(-2))/(4/56).
6
Let o(r) = r**3 - r**2 + r + 9. Calculate the remainder when o(0) is divided by 8.
1
Let w = 13 - 3. Suppose -4*a + 3*d = -251, -3*a - d + 309 = 2*a. Suppose 2*q + x + a = 4*q, -3*x = -q + 41. What is the remainder when q is divided by w?
9
Let k(z) = z**3 + z**2 + 30. Let v be k(0). What is the remainder when 29 is divided by v/(-4)*2/(-1)?
14
Let j(x) = -x**3 - 13*x**2 - x + 4. Calculate the remainder when 81 is divided by j(-13).
13
Let j(f) = -2*f**3 + f**2 - f - 1. Let z(q) = q - 1. Let t be z(1). Suppose t - 4 = -m. Calculate the remainder when m is divided by j(-1).
1
Suppose v - 6*v + q = -5, 17 = -4*v + 5*q. Calculate the remainder when 5 is divided by v.
1
Let s = 305 + -209. Calculate the remainder when s is divided by 14.
12
Let m(x) = -x**3 - 6*x**2 - 3*x - 8. What is the remainder when (-99)/(-5) + (-4)/5 is divided by m(-6)?
9
Suppose r - 4 = -3*s, 0 = 4*s - s - 3. Calculate the remainder when 2 is divided by (-2 + -2 + 5)/r.
0
Let g = -3 + 3. Let z be (g/3)/(-3)*1. Suppose z*r = -r + 11. What is the remainder when r is divided by 4?
3
Let o = 60 - 3. What is the remainder when o is divided by 12?
9
Calculate the remainder when (10/(-6))/((-2)/54) is divided by 12.
9
Let i = -75 + 98. Calculate the remainder when i is divided by 8.
7
Let j(n) = -n**3 - 12*n**2 - 7*n - 17. Calculate the remainder when j(-12) is divided by 35.
32
Let u = -7 - -10. Let w be u - (3 + -4 + 2). Suppose 2*p = w*b - 2, 2*b - 5 = -2*p + 1. Calculate the remainder when 2 is divided by p.
0
Suppose -8 = -5*a + 4*a. Calculate the remainder when a is divided by 8.
0
Suppose 4 = 4*l - 4. Suppose l*x - 36 = -2*x. What is the remainder when 33 is divided by x?
6
Suppose 5*i - 159 - 66 = 0. Calculate the remainder when i is divided by 26.
19
Let t be ((-4)/2)/(4/(-10)). Let p = -3 + t. Suppose 2*a = l - 4*l + 1, p*a + 5*l = -1. What is the remainder when 5 is divided by a?
1
Suppose -9 = -0*r - 5*r - 3*c, -3*c - 18 = -4*r. What is the remainder when 11 is divided by r?
2
Let f(o) = -o - 2. Let l be f(-4). Suppose -l*v + 31 = -5. Calculate the remainder when 53 is divided by v.
17
Suppose 36 = 2*d - 28. Calculate the remainder when 93 is divided by d.
29
Let d(z) = 2*z**2 + 4*z - 11. Calculate the remainder when 84/9*1*6 is divided by d(-5).
18
Calculate the remainder when 21 is divided by ((-16)/20)/((-2)/15).
3
Suppose 2*v - 66 = v - f, 3*v - 213 = 2*f. Calculate the remainder when v is divided by 14.
13
Let c(o) be the first derivative of 2*o**2 - 2*o + 2. Let x be c(3). Suppose x = 2*l - 0*l. What is the remainder when 8 is divided by l?
3
Suppose 9*i = 167 + 184. What is the remainder when 231 is divided by i?
36
Let h = 3 - -41. What is the remainder when h is divided by 15?
14
Suppose 0*a = -2*a + 62. Suppose -2*i - 10 = 4*w, 4*w = 4*i + 2*w + 60. What is the remainder when a is divided by (2 + i)/(-1*1)?
9
Let q(x) = -x**3 - 10*x**2 + 12*x + 15. Let c be q(-11). Suppose -c*v - 107 = -3*r, -5*v = 1 + 24. What is the remainder when r is divided by 16?
13
Calculate the remainder when 4 - (4 + -15) - 2 is divided by 8.
5
Let n(b) = b + 16. What is the remainder when 22 is divided by n(-8)?
6
Let r = 0 + 3. Suppose -3*n - 9 + 59 = 4*d, -r*n = d - 8. Let z = 240 - 187. Calculate the remainder when z is divided by d.
11
What is the remainder when 19*70/15 + 4/(-6) is divided by 30?
28
Suppose 0 = v + 4*b - 30, -b + 4*b = -2*v + 40. Calculate the remainder when 27 is divided by v.
13
Suppose 109*t - 104*t = 130. What is the remainder when 128 is divided by t?
24
Let t(n) = -n**3 + 17*n**2 - n + 36. Calculate the remainder when 70 is divided by t(17).
13
Let m(i) = i**3 + 5*i**2 - 7*i - 7. Let v be m(-6). Calculate the remainder when (-6 - 31)/(-2 - v) is divided by 20.
17
Suppose -20*w + 21*w = 13. Suppose -w = -h + 4. What is the remainder when 49 is divided by h?
15
Let r(a) = a**3 - a**2 - 2*a + 1. Suppose p - 3*p + 48 = 0. Let f = -1 + p. What is the remainder when f is divided by r(3)?
10
Let q(o) = 11*o**3 + o**2 - 2*o + 2. What is the remainder when 46 is divided by q(1)?
10
Let w be (3 - 2)/(2/6). Sup